
-172
In base 4, what is -30002 + -2?
-30010
In base 3, what is 2122 - 2022?
100
In base 13, what is 32 + 8?
3a
In base 15, what is a + 8?
13
In base 6, what is 234 - -4?
242
In base 11, what is 252 - -6?
258
In base 11, what is 5 + -40?
-36
In base 12, what is -2 - 193?
-195
In base 11, what is -5 - 149?
-153
In base 6, what is 1 - 41?
-40
In base 3, what is -11 - -20121?
20110
In base 8, what is -4 - -571?
565
In base 16, what is 3 + -39e?
-39b
In base 8, what is 11 - -212?
223
In base 16, what is f2 - 6a?
88
In base 12, what is -3 + 124?
121
In base 5, what is -143 - 4241?
-4434
In base 6, what is -10205 - -5?
-10200
In base 3, what is 10021 - 100?
2221
In base 10, what is 14 - -6?
20
In base 6, what is 351 + 0?
351
In base 8, what is 3 - -13?
16
In base 7, what is 10 - 12?
-2
In base 7, what is -414 - 13?
-430
In base 4, what is -3 - 12210?
-12213
In base 5, what is -20 + 123?
103
In base 16, what is -8 + -14f?
-157
In base 6, what is 21 + -4?
13
In base 15, what is -6 + 29?
23
In base 4, what is -13 + -3?
-22
In base 16, what is 2 - -32?
34
In base 2, what is -11 - 11001001001?
-11001001100
In base 12, what is 12 + 9?
1b
In base 9, what is 3 - -401?
404
In base 2, what is 100 + -1101100100?
-1101100000
In base 3, what is 20 + 220221?
221011
In base 2, what is 1111 - -100001000?
100010111
In base 11, what is 852 - 5?
848
In base 8, what is 133 - -4?
137
In base 15, what is 5e + 7?
66
In base 6, what is -14 + -1055?
-1113
In base 15, what is -1 - 193?
-194
In base 16, what is -3c - -3?
-39
In base 15, what is -1 + 3d?
3c
In base 13, what is 191 + -2?
18c
In base 16, what is -5 - -116?
111
In base 12, what is -4 - -235?
231
In base 15, what is -3c + 3?
-39
In base 12, what is 2 + 0?
2
In base 4, what is 230 - 3?
221
In base 15, what is -a + 5e1?
5d6
In base 4, what is -21103 + -1?
-21110
In base 15, what is -3 - -bd?
ba
In base 11, what is 101 + -1?
100
In base 8, what is -2 - -50?
46
In base 4, what is -102 - 12?
-120
In base 4, what is 1 - 2203?
-2202
In base 3, what is 1100 + -1102?
-2
In base 13, what is 1123 + 4?
1127
In base 11, what is -50 + -40?
-90
In base 8, what is 3 - 36?
-33
In base 7, what is 1614 - -4?
1621
In base 7, what is -20 + 4?
-13
In base 16, what is -3 - 110?
-113
In base 12, what is b + -47?
-38
In base 11, what is -6 + -203?
-209
In base 7, what is 1 + 5631?
5632
In base 16, what is 6a9 - -4?
6ad
In base 14, what is 5a2 - 3?
59d
In base 7, what is 25 + -150?
-122
In base 14, what is 3 - 26?
-23
In base 12, what is 5 - 975?
-970
In base 14, what is 4 + 9a?
a0
In base 15, what is 2 + -ba9?
-ba7
In base 15, what is 1d - bc?
-9e
In base 7, what is -26354 - 4?
-26361
In base 2, what is -110001 - -110?
-101011
In base 12, what is -4a + 8b?
41
In base 15, what is -1 + 49a?
499
In base 7, what is 4 + 3055?
3062
In base 4, what is 220 + 10?
230
In base 7, what is -10 + -2362?
-2402
In base 13, what is 87 + 5?
8c
In base 14, what is 3 + 5?
8
In base 8, what is 522 + 0?
522
In base 14, what is -318 - 4?
-31c
In base 10, what is 169 + -1?
168
In base 10, what is 1 + 32?
33
In base 7, what is 203 - -1?
204
In base 5, what is 114 - -12?
131
In base 8, what is 0 - 62?
-62
In base 7, what is -210 + 630?
420
In base 3, what is -11 + 11122?
11111
In base 5, what is 1232 + -42?
1140
In base 14, what is 1 - -3d?
40
In base 16, what is -5 + e3?
de
In base 2, what is 11 - -10000100?
10000111
In base 4, what is -1302 + -111?
-2013
In base 8, what is -14 + 14?
0
In base 7, what is 2 + 11500?
11502
In base 8, what is -2326 - 1?
-2327
In base 9, what is 5 + -43?
-37
In base 16, what is -6b + 7?
-64
In base 15, what is -b - -2d?
22
In base 11, what is -6268 + 4?
-6264
In base 8, what is 554 + -2?
552
In base 14, what is -c8 - 3?
-cb
In base 14, what is -31 - -2?
-2d
In base 3, what is -2102 + -21?
-2200
In base 13, what is 2 - -2b?
30
In base 12, what is 3 + -a1?
-9a
In base 3, what is -2100 - -1?
-2022
In base 11, what is -2 - -551?
54a
In base 4, what is 1320 + 10?
1330
In base 3, what is -1000121 + 110?
-1000011
In base 13, what is -5 - -4a7?
4a2
In base 12, what is -1a + -95?
-b3
In base 9, what is -5 + 17?
12
In base 10, what is -3 + 94?
91
In base 15, what is -3 + 3b?
38
In base 15, what is 82d + -4?
829
In base 16, what is 12de - -3?
12e1
In base 3, what is -10012 - 20110?
-100122
In base 3, what is 12202111 + -10?
12202101
In base 14, what is 86 - -2d?
b5
In base 15, what is 2 - -11?
13
In base 3, what is -22111 + -112?
-100000
In base 10, what is -26 - 30?
-56
In base 14, what is -a5 + 12?
-93
In base 14, what is 5 - -96?
9b
In base 3, what is 2212121 - 1?
2212120
In base 12, what is 0 - 26a2?
-26a2
In base 7, what is 523 - 14?
506
In base 15, what is 319 - 2?
317
In base 16, what is 4 + -2561?
-255d
In base 3, what is 110 - 12100?
-11220
In base 16, what is -1b + -6?
-21
In base 2, what is 1 - 100010?
-100001
In base 8, what is 5 - 5?
0
In base 2, what is 1 + 11110?
11111
In base 10, what is -517 + -2?
-519
In base 5, what is 2 + -120300?
-120243
In base 3, what is 100 - 121?
-21
In base 8, what is 35 - -7?
44
In base 15, what is -4 + 48?
44
In base 6, what is -2021 - 204?
-2225
In base 4, what is 3 - -2032?
2101
In base 6, what is -140330 - -1?
-140325
In base 3, what is 1000 - 102?
121
In base 10, what is 4 + -61?
-57
In base 8, what is 1430 + 4?
1434
In base 15, what is -31b5 + 4?
-31b1
In base 9, what is 383 - -2?
385
In base 14, what is -21 - 19?
-3a
In base 11, what is 183 + 3?
186
In base 14, what is -6bd8 + 1?
-6bd7
In base 7, what is 45053 - 4?
45046
In base 2, what is 100011 - 1011?
11000
In base 4, what is 102022311 - -11?
102022322
In base 5, what is -4 - -10422?
10413
In base 5, what is 2 + -110?
-103
In base 6, what is 200 - 111?
45
In base 13, what is 1 + 319?
31a
In base 13, what is -4928 - 0?
-4928
In base 6, what is 5 + 12?
21
In base 5, what is -14043 - -2?
-14041
In base 2, what is -111 + 10100100011?
10100011100
In base 3, what is -10 - 20100210?
-20100220
In base 3, what is 12 - 12002022?
-12002010
In base 11, what is -15 - -241?
227
In base 14, what is -a + -ac?
-b8
In base 5, what is -33 + -41?
-124
In base 3, what is 1211 + 0?
1211
In base 3, what is -2 - -1?
-1
In base 12, what is 1a - 185?
-167
In base 9, what is 7 - 0?
7
In base 7, what is -2 - -2421?
2416
In base 4, what is 3103 - -2012?
11121
In base 9, what is 533 + 5?
538
In base 12, what is -b0 + 2?
-aa
In base 12, what is 1555 + 1?
1556
In base 6, what is -2 - 25?
-31
In base 14, what is -1416 + 1?
-1415
In base 9, what is 32 + 48?
81
In base 10, what is 9 + 16?
25
In base 10, what is -3 + -4?
-7
In base 5, what is 0 - 30?
-30
In base 14, what is 154 + 3?
157
In base 12, what is a - -154?
162
In base 13, what is -1a + 1a?
0
In base 14, what is -25 - 7?
-2c
In base 15, what is e3 + 1?
e4
In base 4, what is 3 + 230?
233
In base 3, what is 2 + 2111?
2120
In base 3, what is 10010 - -10201?
20211
In base 8, what is 1146 - 10?
1136
In base 3, what is -2 - -2?
0
In base 11, what is 3 - -369?
371
In base 4, what is -331 + 11?
-320
In base 6, what is -20020 - 3?
-20023
In base 7, what is 46 + 24?
103
In base 3, what is 1220 + -1000?
220
In base 7, what is -142 - -3?
-136
In base 6, what is -322 + 2?
-320
In base 9, what is 7 + 8?
16
In base 8, what is 1205 - 22?
1163
In base 7, what is -3 + -62?
-65
In base 6, what is -11 + 51?
40
In base 2, what is -1 - -1111001?
1111000
In base 10, what is 8867 + -4?
8863
In base 7, what is 4 - -60?
64
In base 13, what is -1 + -b1?
-b2
In base 3, what is -11002 - 2?
-11011
In base 9, what is 308 - -2?
311
In base 2, what is -101 + 1010101?
1010000
In base 14, what is -1 - -21?
20
In base 14, what is 0 + -6b?
-6b
In base 12, what is -5 - -30?
27
In base 8, what is 3 - 1121?
-1116
In base 10, what is 0 - 30?
-30
In base 8, what is -262 - -11?
-251
In base 13, what is 111 + -a?
104
In base 14, what is -3 - -1a9c?
1a99
In base 10, what is 100 + -4?
96
In base 3, what is 2111001 + 0?
2111001
In base 11, what is -15 + -2aa?
-314
In base 8, what is 5 + 12?
17
In base 2, what is 1001001 - -1000?
1010001
In base 2, what is -11010100 - 1110?
-11100010
In base 16, what is 15e - -2?
160
In base 9, what is -302 - 2?
-304
In base 15, what is -2c + 10?
-1c
In base 2, what is 101 + -10000?
-1011
In base 3, what is 1 + -1221?
-1220
In